
-15
What is -102011 (base 3) in base 9?
-364
1053 (base 6) to base 7
504
1 (base 7) to base 10
1
Convert 0 (base 14) to base 11.
0
Convert 71 (base 8) to base 14.
41
What is -23 (base 7) in base 9?
-18
Convert -2a (base 12) to base 16.
-22
0 (base 6) to base 10
0
What is -11 (base 2) in base 16?
-3
Convert 0 (base 9) to base 7.
0
5 (base 16) to base 13
5
Convert -1120 (base 4) to base 2.
-1011000
Convert 41 (base 6) to base 3.
221
15 (base 10) to base 13
12
Convert 2200 (base 4) to base 5.
1120
What is 4 (base 12) in base 14?
4
147 (base 10) to base 13
b4
What is 50 (base 8) in base 9?
44
What is -10 (base 4) in base 16?
-4
3 (base 8) to base 2
11
What is -22 (base 10) in base 4?
-112
What is 10111000 (base 2) in base 15?
c4
What is -2 (base 8) in base 14?
-2
4 (base 13) to base 9
4
What is -11 (base 2) in base 5?
-3
3 (base 9) to base 6
3
What is 222 (base 3) in base 4?
122
What is -11 (base 3) in base 7?
-4
Convert -3 (base 4) to base 13.
-3
-4 (base 12) to base 2
-100
Convert 31 (base 4) to base 9.
14
-100 (base 6) to base 9
-40
Convert 2 (base 12) to base 2.
10
Convert -15 (base 11) to base 15.
-11
30 (base 4) to base 10
12
What is -10 (base 14) in base 15?
-e
-11 (base 4) to base 7
-5
11100 (base 2) to base 16
1c
What is -21 (base 8) in base 6?
-25
What is 2 (base 5) in base 14?
2
Convert 90 (base 15) to base 6.
343
Convert -20 (base 8) to base 4.
-100
What is -3c (base 15) in base 12?
-49
11011 (base 2) to base 4
123
Convert 2 (base 16) to base 9.
2
What is -8 (base 14) in base 5?
-13
Convert 2 (base 10) to base 11.
2
-3 (base 10) to base 7
-3
What is d (base 14) in base 7?
16
What is 1002 (base 5) in base 6?
331
Convert -36 (base 16) to base 12.
-46
Convert -58 (base 16) to base 13.
-6a
What is 12 (base 3) in base 10?
5
Convert -97 (base 16) to base 7.
-304
What is 2030 (base 4) in base 16?
8c
Convert 211 (base 3) to base 10.
22
-10001 (base 2) to base 3
-122
Convert -4 (base 10) to base 12.
-4
Convert 2 (base 5) to base 8.
2
101120 (base 3) to base 13
18c
Convert -23 (base 5) to base 12.
-11
-1034 (base 5) to base 15
-99
-413 (base 7) to base 14
-10a
-14 (base 6) to base 3
-101
Convert 0 (base 11) to base 13.
0
-2 (base 13) to base 6
-2
Convert 1c4 (base 13) to base 7.
650
Convert 0 (base 6) to base 15.
0
195 (base 10) to base 11
168
Convert -4 (base 5) to base 7.
-4
-11 (base 9) to base 10
-10
What is 45 (base 6) in base 16?
1d
What is 0 (base 2) in base 6?
0
-9a (base 14) to base 8
-210
-13 (base 11) to base 10
-14
What is -37 (base 10) in base 9?
-41
-5 (base 10) to base 13
-5
-4 (base 5) to base 2
-100
What is -10 (base 9) in base 6?
-13
What is -43 (base 5) in base 2?
-10111
1010 (base 2) to base 15
a
What is 1012 (base 3) in base 2?
100000
-214 (base 5) to base 11
-54
What is -162 (base 7) in base 10?
-93
Convert -110 (base 2) to base 10.
-6
-c (base 16) to base 13
-c
Convert 41 (base 9) to base 16.
25
Convert 10101 (base 3) to base 4.
1123
Convert 0 (base 13) to base 7.
0
Convert -11 (base 13) to base 4.
-32
Convert -1123 (base 4) to base 6.
-231
-11 (base 5) to base 16
-6
Convert -1 (base 4) to base 5.
-1
Convert 204 (base 7) to base 13.
7b
-41 (base 8) to base 12
-29
-2 (base 3) to base 16
-2
0 (base 14) to base 4
0
-101 (base 2) to base 8
-5
What is -a (base 16) in base 4?
-22
Convert -1 (base 2) to base 6.
-1
Convert 10 (base 6) to base 5.
11
121 (base 4) to base 16
19
What is 12 (base 4) in base 16?
6
45 (base 9) to base 15
2b
53 (base 9) to base 11
44
Convert 0 (base 5) to base 3.
0
What is -11 (base 9) in base 8?
-12
What is 11 (base 5) in base 10?
6
What is -5 (base 11) in base 5?
-10
Convert 32 (base 14) to base 4.
230
Convert 3 (base 11) to base 5.
3
What is -8 (base 13) in base 4?
-20
Convert b (base 15) to base 13.
b
Convert 14 (base 8) to base 15.
c
What is 2 (base 13) in base 14?
2
-1 (base 8) to base 14
-1
What is 211 (base 3) in base 6?
34
1010 (base 2) to base 16
a
Convert -8 (base 14) to base 3.
-22
Convert -163 (base 14) to base 7.
-553
What is 45 (base 6) in base 5?
104
-110 (base 3) to base 11
-11
Convert 6e (base 16) to base 12.
92
Convert 202 (base 3) to base 16.
14
-6 (base 9) to base 16
-6
-3a (base 12) to base 14
-34
-a1 (base 15) to base 2
-10010111
0 (base 12) to base 9
0
-4 (base 9) to base 16
-4
What is -9 (base 15) in base 5?
-14
What is -1 (base 5) in base 8?
-1
What is -2020 (base 3) in base 5?
-220
What is a (base 16) in base 4?
22
Convert -12 (base 11) to base 13.
-10
What is 54 (base 7) in base 12?
33
3c (base 14) to base 8
66
What is -d (base 14) in base 11?
-12
-3 (base 7) to base 9
-3
Convert 20 (base 5) to base 10.
10
Convert 11 (base 2) to base 14.
3
9 (base 13) to base 11
9
-100 (base 4) to base 16
-10
Convert 3 (base 16) to base 8.
3
What is -121 (base 4) in base 13?
-1c
Convert -2 (base 14) to base 6.
-2
What is 46 (base 7) in base 4?
202
What is 1a9 (base 11) in base 10?
240
12 (base 6) to base 9
8
Convert -11 (base 3) to base 6.
-4
What is 101111 (base 2) in base 7?
65
What is -2 (base 7) in base 6?
-2
What is -12 (base 3) in base 10?
-5
Convert 23 (base 13) to base 10.
29
What is -36 (base 13) in base 5?
-140
-10 (base 9) to base 11
-9
Convert -16 (base 15) to base 7.
-30
Convert -2 (base 5) to base 2.
-10
What is -5 (base 11) in base 7?
-5
-210 (base 4) to base 12
-30
-7 (base 13) to base 9
-7
What is -a4 (base 12) in base 16?
-7c
What is -31 (base 11) in base 12?
-2a
What is 45 (base 16) in base 13?
54
What is -47 (base 10) in base 12?
-3b
What is -434 (base 7) in base 16?
-dd
Convert 11 (base 3) to base 6.
4
What is -31 (base 4) in base 11?
-12
What is -256 (base 12) in base 14?
-1b4
Convert 4e (base 16) to base 7.
141
Convert 460 (base 8) to base 7.
613
What is 0 (base 13) in base 9?
0
-20 (base 14) to base 11
-26
10 (base 3) to base 16
3
-207 (base 8) to base 15
-90
What is 29 (base 14) in base 11?
34
Convert 20101 (base 3) to base 11.
147
What is -13 (base 10) in base 3?
-111
What is -31 (base 8) in base 10?
-25
What is 6 (base 12) in base 11?
6
Convert 1 (base 6) to base 12.
1
35 (base 11) to base 6
102
-2 (base 10) to base 2
-10
What is -1 (base 12) in base 11?
-1
-1 (base 11) to base 2
-1
8 (base 10) to base 16
8
Convert 76 (base 13) to base 6.
241
0 (base 11) to base 3
0
Convert 31 (base 5) to base 12.
14
11 (base 3) to base 16
4
0 (base 2) to base 16
0
4 (base 11) to base 14
4
-48 (base 9) to base 6
-112
What is 46 (base 8) in base 13?
2c
What is -b4 (base 16) in base 13?
-10b
What is 2 (base 9) in base 8?
2
What is -2 (base 16) in base 9?
-2
Convert 6 (base 16) to base 6.
10
Convert -22 (base 3) to base 15.
-8
Convert -a (base 15) to base 6.
-14
1c (base 14) to base 15
1b
-125 (base 8) to base 12
-71
1 (base 3) to base 9
1
Convert -c (base 15) to base 5.
-22
What is 101 (base 3) in base 5?
20
Convert 261 (base 8) to base 12.
129
What is 1000 (base 2) in base 15?
8
-11 (base 15) to base 4
-100
What is -42 (base 9) in base 5?
-123
-3 (base 9) to base 12
-3
Convert -19 (base 10) to base 14.
-15
Convert 122 (base 11) to base 10.
145
Convert -12 (base 3) to base 7.
-5
-4 (base 10) to base 15
-4
11a (base 13) to base 3
21010
Convert 1100100 (base 2) to base 7.
202
-9 (base 16) to base 13
-9
-2 (base 5) to base 3
-2
What is 2d (base 16) in base 6?
113
-110 (base 12) to base 3
-12210
What is 102 (base 8) in base 5?
231
Convert b (base 14) to base 3.
102
What is -1 (base 5) in base 15?
-1
What is -2 (base 11) in base 10?
-2
What is -1c (base 14) in base 10?
-26
What is 322 (base 6) in base 7?
233
What is 57 (base 15) in base 2?
1010010
What is 203 (base 9) in base 12?
119
Convert 21 (base 4) to base 9.
10
-51 (base 6) to base 8
-37
1101 (base 3) to base 15
27
Convert 302 (base 4) to base 5.
200
Convert -1 (base 12) to base 2.
-1
What is c (base 15) in base 13?
c
Convert -3 (base 8) to base 7.
-3
What is -16 (base 9) in base 14?
-11
What is -30 (base 7) in base 14?
-17
0 (base 6) to base 8
0
17 (base 10) to base 2
10001
What is -c2 (base 16) in base 15?
-ce
What is -3 (base 4) in base 16?
-3
What is 8c (base 13) in base 7?
224
Convert -24b (base 12) to base 3.
-110212
Convert 113 (base 6) to base 4.
231
-11021 (base 4) to base 12
-235
1212 (base 5) to base 11
156
-5 (base 15) to base 2
-101
Convert 5 (base 8) to base 10.
5
-115 (base 6) to base 8
-57
Convert -10212 (base 3) 